pose f - 48 = -8. What is the highest common factor of o and f?
20
Let d be 2 + -1 + 18 + (984 - 9). Calculate the highest common divisor of d and 420.
14
Suppose -2*r - 10 = -4*b, -4*r + 7*b - 2*b - 8 = 0. Let g(z) = -3*z**2 - 7*z. Let a be g(r). Let n = 51 + a. Calculate the highest common factor of n and 21.
3
Let p be ((-10945)/(-597))/(((-30)/(-27))/2). What is the greatest common factor of p and 41910?
33
Let d(p) = -10*p**2 - 78*p + 4. Let k be d(-7). Let b(g) = g**2 - 5*g - 2. Let y be b(-5). Calculate the highest common factor of y and k.
12
Let d(j) = -j**3 - 3*j**2 - 2*j + 2. Let o be d(-2). Let n(x) = 60 - 34 - o*x - 45. Let a be n(-16). What is the highest common divisor of a and 143?
13
Let f be 182/9 + 2/(-9). Let a = -5176 + 5196. What is the highest common factor of a and f?
20
Let b = 6 - 12. Let l be -5*b/15 - -25. Suppose -2*a - 3*q = -4*a + 51, 3*a + q = 82. Calculate the greatest common factor of a and l.
27
Suppose -4*u + 55 = -3*u - 2*o, -49 = -u - 4*o. Let f = u - 51. Let b be 1 - ((-5)/(-10))/(f/(-20)). Calculate the greatest common divisor of b and 2.
2
Suppose b = 3*t + 2*b - 13, -t = -3*b - 1. Suppose -t = n - 2*n. Let x(f) = 2*f + 44. Let a be x(0). Calculate the greatest common factor of n and a.
4
Let u be 6/(-3) + 1 + -6 + 11. Suppose -4*y + 560 = -3*b, -u*y - b - 425 = -7*y. Calculate the highest common factor of y and 52.
13
Let n = 154 - 226. Suppose 47 = -15*u + 14*u. Let f = u - n. What is the greatest common divisor of f and 125?
25
Suppose -2*c + 47*z + 23 = 50*z, 0 = -2*c + 3*z + 5. Calculate the greatest common factor of 259 and c.
7
Suppose -3*h = 3*i + h + 450, -166 = i - 4*h. Let q = 342 - i. Calculate the greatest common divisor of 16 and q.
16
Suppose 0 = -32*r + 77*r - 180. Suppose 31 - 7 = 3*l. What is the highest common divisor of l and r?
4
Suppose 23*h + 251 = 21*h - x, 499 = -4*h - 5*x. Let q be 1/(24/(-108) + (-29)/h). What is the highest common divisor of 18 and q?
18
Suppose 0 = 3*g - 11*g + 4264. Let f = -515 + g. Calculate the highest common factor of f and 288.
18
Suppose 0*n - 3*r - 6 = -n, 5*n + r - 110 = 0. Let q = 123891 - 123842. Calculate the greatest common divisor of q and n.
7
Suppose 71*x + 503480 = -60*x + 1413275. Calculate the highest common divisor of 15 and x.
15
Let g(n) = -5*n - 29. Let x be g(-7). Suppose -x*k = -639 - 453. Calculate the greatest common factor of 26 and k.
26
Let b = 1536 + -1510. What is the greatest common divisor of 195 and b?
13
Let y = 6456 - 6560. Let n(c) = -c**2 - c - 115. Let i be n(0). Let a = y - i. Calculate the highest common factor of a and 44.
11
Let h be (-4)/(1/(1330/542) - (-1794)/(-4186)). What is the highest common divisor of h and 180?
10
Suppose -32*c = -27*c - 3460. Suppose c*o + 45 = 695*o. What is the greatest common divisor of 15 and o?
15
Let v = 14205 + -12571. What is the greatest common divisor of v and 1376?
86
Let w be (35/(-21))/(35/(-10584)). Calculate the highest common factor of w and 896.
56
Suppose -6 - 2 = -2*i. Suppose 3*m - 51 = -3*g, 28 = -m + 3*m + i*g. Calculate the highest common divisor of m and 24.
4
Let u(q) = -890*q - 920. Let v be u(-6). What is the greatest common factor of 5 and v?
5
Let q(f) = f**2 - f + 25. Let v(y) = -4*y**2 + 3*y - 74. Let a(b) = -11*q(b) - 4*v(b). Let o be a(6). Calculate the highest common factor of 15 and o.
15
Suppose -3*q = -4*q + 6. Let u be -11*3/q*(1 + -3). What is the greatest common divisor of u and 407?
11
Let v = -536 - -552. Suppose 5*x = 5*q + x - 25, -v = 4*q + 4*x. What is the greatest common divisor of q and 37?
1
Let n(c) = c**3 + 2*c**2 + 2*c + 3. Let h be n(3). Let v(z) = z**3 + 36*z**2 + 195*z - 70. Let g be v(-29). What is the greatest common divisor of h and g?
54
Let a(z) = 324480 - 18*z - 324480. Suppose 0 = -5*t + 2*b - 9, t - 1 = -4*t - 3*b. Let d be a(t). Calculate the highest common divisor of 27 and d.
9
Let y(p) = -3*p**2 - 110*p - 50. Let k be y(-36). What is the highest common divisor of 2167 and k?
11
Suppose -o - 5*f + 756 = 0, f + 2223 = 4*o - 906. What is the greatest common divisor of 142 and o?
71
Let m(c) = -646*c - 4370. Let s be m(-7). What is the highest common divisor of s and 328?
8
Let w = 436 - 431. Suppose -35*u + 31*u + 5*x = -63, -15 = w*x. What is the greatest common factor of u and 78?
6
Let i = -11035 + 11069. What is the greatest common divisor of i and 50?
2
Suppose -3*u - m + 2776 = 0, 3*u = -4*m + 2940 - 161. Suppose -3*a + 0*c + u = -c, -4*c = 2*a - 612. Calculate the highest common divisor of 22 and a.
22
Suppose -5 = -t, f - 3*t = -0*t + 497. Suppose 6*s + 2*s = f. Let g = 98 - s. What is the highest common factor of g and 272?
34
Let x(p) = -p**3 + 1. Let m be x(-1). Let c be 2/(-4 - m*-3). Let d = c + 8. What is the highest common divisor of d and 72?
9
Let d(p) = p**2 + 43*p + 333. Let i be d(-33). Let s(f) = -4*f + 6*f + 6*f - 15. Let q be s(i). What is the greatest common factor of q and 81?
9
Let z be (-15 + 13)*1/(1/(-1)). Suppose 5*q - 5*g = 45, -q - 4*g = q. What is the highest common factor of q and z?
2
Suppose 5*n - 215 - 25 = 0. Suppose 18*o = 4*o + 336. Suppose o = -x + 5*x. What is the greatest common divisor of n and x?
6
Let t(v) = 5*v**2 - 5*v - 58. Let p be t(8). Suppose 0 = -218*k + p*k - 900. What is the greatest common divisor of k and 9?
9
Let i(f) = 2*f + 2. Let s be i(1). Suppose 3*a + 4*n = -2*a - 277, -4*a + s*n = 200. Let u = a - -70. What is the highest common divisor of u and 187?
17
Suppose -r + 2 = 0, d - 4*r - 1962 = 277. Calculate the highest common divisor of d and 14.
7
Let a be 4/1*132/330*(-15)/(-2). Let j(p) be the third derivative of -p**4/24 + 5*p**3 - 2*p**2. Let n be j(0). Calculate the highest common factor of a and n.
6
Let b(i) = -i + 31. Suppose -x + 5*s + 22 = 0, 0 = 10*s - 6*s + 12. Let z be b(x). What is the greatest common divisor of 96 and z?
24
Let b(m) = m**3 - 37*m**2 + 77*m - 165. Let u be b(35). Calculate the highest common factor of 48 and u.
16
Let i = -10037 - -10141. What is the highest common factor of i and 884?
52
Let t = -98 + 162. Let l = -601 + 609. What is the highest common divisor of t and l?
8
Suppose 749*h + 741*h + 2650 = 1540*h. Let o(y) = -3*y**3 + 5*y**2 - 3*y + 2. Let q be o(-6). What is the greatest common divisor of q and h?
53
Let p(y) = 3*y**3 + 5*y**2 - 9*y + 8. Let g be p(2). Let u = -44 + 18. Let c = g + u. What is the highest common divisor of 64 and c?
8
Suppose -5*j = -6*j + 2. Suppose -h - 13 = 4*r, -j*r - 2*h + 21 = -7*h. Let g be (-3 + (-3)/(12/20))/r. Calculate the greatest common factor of 2 and g.
2
Suppose -888*t - 1774 = -263*t - 35524. Calculate the highest common factor of t and 3006.
18
Suppose -4*k + 452 = 4*a, -3*k - 113 = -20*a + 19*a. Let i be (-109)/(-2 + -2 + 3). Let z = a - i. What is the highest common divisor of 68 and z?
4
Suppose -10407*d - 1598 = -10424*d. What is the highest common factor of d and 329?
47
Suppose -5*q + 357 = -4*y + 359, 0 = q + 4*y - 14. Let s = 11 + -5. What is the greatest common divisor of s and q?
2
Let w = 1252 - 692. Let g = w - 205. Calculate the highest common factor of g and 71.
71
Let a(t) = 6 + 4*t - 2220*t**2 + 2223*t**2 + 15. Let u be a(-5). What is the highest common factor of 152 and u?
76
Let t = 2619 - 2604. Let f be 9304/20 - 1/5. What is the highest common factor of f and t?
15
Let u be 5/(-20) + 798/(-8). Suppose s + 692 = 3*m - 96, -547 = -2*m + 5*s. Let t = u + m. Calculate the greatest common divisor of t and 23.
23
Suppose -214*i + 210*i = 4*u, 0 = -4*i - 5*u - 4. Calculate the greatest common factor of 356 and i.
4
Let a be ((-10)/35)/(548/(-15344)). Let k(r) = 22*r**2. Let g be k(-2). What is the greatest common divisor of g and a?
8
Suppose 0 = 18*u - 24 - 12. Suppose 0*k = -3*k - 3*l + 87, -u*k + 3*l + 33 = 0. What is the highest common factor of k and 128?
8
Let z(y) = -10*y + 42. Let t be z(-1). Suppose t*w - 38*w = 6370. What is the greatest common divisor of w and 70?
35
Let r be (1578/(-12) + 4)*(-20)/6. Let y = r - 390. What is the greatest common factor of y and 5?
5
Let s(v) = 10*v - 174. Let i be s(26). What is the highest common factor of i and 3139?
43
Let r(a) = -a**3 + 28*a**2 - 70*a - 69. Let h be r(25). What is the highest common divisor of h and 